 divided by r.
4
Let h be 1 - 3 - (-2 - 4). Suppose -h*y + 144 = 36. Calculate the remainder when 80 is divided by y.
26
Suppose 0 = 5*l + l - 54. Suppose 7 = 4*v - 13. What is the remainder when l is divided by v?
4
Suppose 31*h = 27*h + 60. Calculate the remainder when 43 is divided by h.
13
Suppose -8*v - 64 = -9*v. Suppose -v = -2*g - 5*z, -2*g - 72 = -4*g - 3*z. Calculate the remainder when g is divided by 15.
12
Calculate the remainder when (2/(-6))/(3/(-63)) is divided by 2.
1
Suppose -h = 4*h - 95. What is the remainder when 47 is divided by h?
9
Let b(j) = j**3 + 4*j**2 + 6*j + 8. Let y be b(-8). Let u = -27 + 56. Calculate the remainder when u is divided by (-1)/(-5) - y/20.
14
Suppose 5*a + 38 + 2 = 0. Calculate the remainder when (-122)/a - (-2)/(-8) is divided by 8.
7
Let r(c) = -c**2 + c + 24. What is the remainder when r(0) is divided by 5?
4
Let n = -16 - -24. Suppose 0 = -5*c + 7*c + n. Calculate the remainder when 35 is divided by (-37)/c - 4/16.
8
Let t(k) = -k + 2. What is the remainder when 43 is divided by t(-7)?
7
Suppose 0*c + 2*c = -24. Let j(u) = u**2 + 10*u + 7. What is the remainder when j(c) is divided by 11?
9
Suppose 0 = -6*y - 4*y + 1310. Calculate the remainder when y is divided by 27.
23
Suppose f - 2 = -26. Let g = f - -40. What is the remainder when 27 is divided by g?
11
Let b(q) = -12*q - 1. Suppose a - 5*a - 16 = 0. Let u(m) = 3*m**2 + 10*m + 4. What is the remainder when b(a) is divided by u(-4)?
11
Let t(p) = 3*p - 4. Suppose 3*s = 5*b - 36 - 64, 5*s = -2*b + 40. Calculate the remainder when b is divided by t(5).
9
Suppose 0 = 2*v + 5*m - 174, -3*v + 5*v - 174 = -2*m. Calculate the remainder when v is divided by 15.
12
Let b = 27 + -11. What is the remainder when ((-30)/(-4))/(4/24) is divided by b?
13
Suppose 0 = 2*s - 7 - 57. What is the remainder when s is divided by 12?
8
Suppose -2*o = k - 22, k = 3*k + o - 35. Let w be (-25)/20 - (-2)/8. Let i(f) = -30*f**3 - f**2 - f. What is the remainder when i(w) is divided by k?
14
Suppose -5*m + 3*m + 32 = 0. Let u(z) = z**3 - 2*z**2 - z + 61. What is the remainder when u(0) is divided by m?
13
What is the remainder when -6 + 2 - (-51 + 5 - -5) is divided by 19?
18
Let j(d) = d**3 + 7*d**2 - d - 3. Suppose -o = 3*w - 39, 3 = 3*w - 9. Calculate the remainder when j(-5) is divided by o.
25
Let d(p) = p**3 - 18*p**2 + 23*p - 57. What is the remainder when 178 is divided by d(17)?
43
Let h = 13 - 2. Let c = -8 - -92. Suppose 3*o + c = 3*u, -3*o + 8 = 2*u - 63. Calculate the remainder when u is divided by h.
9
Suppose -6 = 2*n, -5*c + 4*c - 2*n = -116. Calculate the remainder when c is divided by 25.
22
Let r(j) = -j - 4. Let g be r(-8). Suppose -g*l - 57 = -7*l. Calculate the remainder when l is divided by 10.
9
Let h be (-10)/(-15) + (-293)/3. Let y = -64 - h. What is the remainder when 96 is divided by y?
30
What is the remainder when 31 + (-15)/(1 + 2) is divided by 10?
6
Calculate the remainder when 49 is divided by 5*(8 + -4 - -1).
24
Suppose -7 - 3 = -j. Calculate the remainder when 69 is divided by j.
9
Let l = 7 - 46. Let d = l - -60. Calculate the remainder when d is divided by 12.
9
Suppose -3*k - g + 204 = 2*g, -5*g + 214 = 3*k. Calculate the remainder when 375 is divided by k.
60
Suppose -2*z + 16 = h, 13 + 13 = 3*z + 2*h. Suppose 0 = 5*j - 1 - 9. Suppose -z = -j*o + 4. Calculate the remainder when o is divided by 4.
1
Let s(k) = -2*k**3 - 12*k**2 + 9*k + 12. Let m(h) = -h**3 - 6*h**2 + 4*h + 6. Let b(r) = -5*m(r) + 2*s(r). Calculate the remainder when 17 is divided by b(-6).
5
Suppose 124 = 5*o + 14. Calculate the remainder when 82 is divided by o.
16
Suppose -212 = -5*o + v, -v - 3*v = 8. Let g = 40 + -29. Calculate the remainder when o is divided by g.
9
Suppose 3*c = 2*d + 1, 4*c - d - 2*d = 1. Suppose 2*u - 21 = c. Let f = 31 + -25. Calculate the remainder when u is divided by f.
5
Suppose -6*s + 11*s = 115. What is the remainder when -36*-10*(-1)/(-8) is divided by s?
22
Suppose -2*x - 2*x = 24. Let g be x*(1 + (-4)/3). Calculate the remainder when g + (-4)/(8/(-30)) is divided by 9.
8
Suppose 47 + 43 = 3*k + 4*t, 3*k = -3*t + 87. Let z be ((0 - 0) + -6)*-1. Calculate the remainder when k is divided by (42/(-9))/((-2)/z).
12
Let u = 171 - 43. Calculate the remainder when u is divided by 44.
40
Suppose -4*n + 35 = -153. Let g = n - 16. Let z = 25 - 9. Calculate the remainder when g is divided by z.
15
Let s be 2/(-8) - 1972/(-16). Let k = -86 + s. Let z = 62 - k. Calculate the remainder when z is divided by 13.
12
Let f(g) = g**2 - 2*g - 3. Let a be f(-2). Let m(w) = w**3 - 5*w**2 - 3*w - 5. Let t be m(a). Calculate the remainder when ((-2)/(-2))/((-5)/t) is divided by 2.
0
Let m(u) = u - 3. Let t be m(7). Suppose -25 = -s - t*s. Suppose -2*b + s = -3. What is the remainder when 7 is divided by b?
3
Let n be ((-1)/((-1)/(-3)))/(-1). Calculate the remainder when 49 is divided by -34*1/((-6)/n).
15
Suppose -s - 103 = -5*k, 11*k - 4*s - 13 = 10*k. What is the remainder when 38 is divided by k?
17
Let g = 8 - 5. What is the remainder when -2 - ((-63)/g - 1) is divided by 7?
6
Let r be (8/(-6))/(4/78). Let n = -14 - r. Let z = n + -3. Calculate the remainder when 16 is divided by z.
7
Let z(x) = -x**3 - 5*x**2 - 2*x - 3. Calculate the remainder when z(-6) is divided by 16.
13
Let i = -51 - 14. Let b = i + 98. Calculate the remainder when b is divided by 17.
16
Let w = 125 + -205. Let q = 114 + w. Suppose 5*z - 70 = 5*a, -z = -3*a - 2*a - 34. Calculate the remainder when q is divided by z.
7
Let m be 2/(-8)*-2*0. Suppose 4*j - 43 - 41 = m. Suppose 25 = 2*g - j. Calculate the remainder when g is divided by 8.
7
Let u(i) = i**3 + i**2 - 4*i + 3. Let g = -13 + 19. What is the remainder when (-2)/g - 8/(-6) is divided by u(1)?
0
What is the remainder when 2/(-6) - (-82)/3 is divided by 7?
6
Let z(x) = x**3 + 3*x**2 - 4*x + 3. Let o be z(-4). Suppose 0 = 2*p + p - u - 19, 5*p - 29 = -u. Calculate the remainder when 2/1 - (o + -23) is divided by p.
4
Suppose -2*c = -7*c + 15. Calculate the remainder when (-216)/243*9/(-1) is divided by c.
2
Let f(o) be the first derivative of o**4/3 - o**3/3 + o**2/2 + 2. Let y(w) be the second derivative of f(w). What is the remainder when 26 is divided by y(2)?
12
Let x = -93 - -112. What is the remainder when (-173)/(-5) - 2/(-5) is divided by x?
16
Suppose -3*z - 32 = -7*z. Suppose 16 = 2*y - z. Calculate the remainder when 34 is divided by y.
10
Suppose -2*w - 90 = 2*o, 0 = o - 0*o - 2*w + 33. Let p = o - -88. Calculate the remainder when p is divided by 24.
23
Let q = 4 + -1. Suppose -b - 35 = -q*x - 0*b, -5*b - 45 = -5*x. What is the remainder when 37 is divided by x?
11
Let k be (2/(-5))/((-14)/595). Suppose -n + 10 = b - 4*n, -k = -5*b + 4*n. Calculate the remainder when 3 is divided by b.
0
Let o = -103 + 190. Suppose -v - 22 = -2*v. What is the remainder when o is divided by v?
21
Let t = -18 + 26. Suppose -2*h - t = -h. Let i = h + 18. What is the remainder when 18 is divided by i?
8
Let r(d) = -2*d**3 - 3*d**2 + d - 2. What is the remainder when (7/14)/(4/344) is divided by r(-3)?
21
Calculate the remainder when 5 is divided by -2*(2 - (0 - -4)).
1
Suppose 0*l + 117 = 3*l. What is the remainder when l is divided by 10?
9
Let u(k) = 7*k - 7. Let q(r) = -r + 1. Let j(c) = 6*q(c) + u(c). Let h be j(5). Calculate the remainder when 6 is divided by h/(-4) + (4 - -1).
2
Suppose 0 = m + 5*c + 15, -3*c - 5 = 4. Suppose y + 2*y - 2*l = -14, -4*y - 3*l - 30 = m. Calculate the remainder when ((-116)/y)/((-8)/(-12)) is divided by 15.
14
Let q be 12/9*(-36)/(-8). Suppose -v = -q*v + 45. What is the remainder when 24 is divided by v?
6
Suppose 4*c = -a - 5, 0 = 2*a + c - 5*c + 22. Calculate the remainder when (-453)/a - 3/9 is divided by 17.
16
Let w = -53 - -74. Calculate the remainder when 102 is divided by w.
18
Suppose -5*d - a + 21 = a, 2*d - a = 12. Let b(c) be the third derivative of -c**4/24 + 7*c**3/6 + 3*c**2. What is the remainder when b(-10) is divided by d?
2
Suppose -95 = -4*v + 33. What is the remainder when v is divided by 11?
10
Let w(h) = 3*h - 9. What is the remainder when w(11) is divided by 9?
6
Let k(w) = -w**3 + 6*w**2 - 3*w - 6. Let s be k(5). Suppose 0 = s*f - 112 + 12. What is the remainder whe